divisor of 24321 and 66.
33
Calculate the greatest common factor of 208 and 9256.
104
What is the highest common divisor of 168 and 3129?
21
What is the greatest common factor of 1012 and 44550?
22
What is the greatest common divisor of 2097 and 114869?
233
What is the highest common divisor of 1367083 and 13131?
1459
Calculate the highest common divisor of 16 and 62896.
16
Calculate the greatest common divisor of 4664 and 56.
8
What is the greatest common divisor of 4 and 11?
1
What is the greatest common factor of 497508 and 396?
132
Calculate the highest common divisor of 1616 and 78578.
202
What is the highest common divisor of 77558 and 7163?
247
What is the highest common factor of 1520 and 13490?
190
Calculate the greatest common divisor of 24 and 15000.
24
Calculate the highest common factor of 28350 and 147525.
525
Calculate the greatest common divisor of 15375 and 10500.
375
What is the highest common factor of 24905 and 90?
5
What is the highest common divisor of 281974 and 140?
14
Calculate the highest common divisor of 11902 and 220.
22
What is the highest common divisor of 38664 and 264?
24
Calculate the highest common factor of 446335 and 255.
85
Calculate the greatest common factor of 1668 and 40188.
12
What is the greatest common factor of 431565 and 5?
5
Calculate the highest common divisor of 105 and 4109.
7
Calculate the highest common factor of 976 and 1342.
122
Calculate the greatest common factor of 43209 and 18.
9
Calculate the highest common factor of 1315 and 12361.
263
What is the greatest common factor of 270 and 3798?
18
Calculate the greatest common divisor of 703340 and 605.
55
What is the greatest common divisor of 648 and 1230336?
216
Calculate the greatest common factor of 224778 and 6.
6
Calculate the greatest common factor of 8310 and 82546.
554
What is the highest common divisor of 3246663 and 3318?
1659
What is the highest common factor of 39646 and 344?
86
Calculate the highest common factor of 6647612 and 68.
68
What is the greatest common factor of 1248 and 59124?
156
What is the highest common divisor of 64 and 181948?
4
Calculate the greatest common factor of 108944 and 352.
176
What is the greatest common divisor of 5 and 17755?
5
Calculate the highest common divisor of 1641 and 1684213.
547
What is the greatest common factor of 1748 and 276?
92
What is the greatest common factor of 90720 and 3696?
336
What is the greatest common divisor of 32 and 541696?
32
Calculate the greatest common divisor of 483 and 62031.
69
Calculate the highest common divisor of 22665 and 120.
15
What is the highest common divisor of 265 and 19451?
53
What is the greatest common divisor of 138 and 162?
6
What is the greatest common factor of 47 and 1135943?
47
What is the highest common factor of 2793 and 755874?
147
Calculate the greatest common divisor of 103443 and 36163.
841
What is the greatest common factor of 112 and 184702?
14
Calculate the highest common factor of 2445027 and 426.
213
Calculate the greatest common factor of 574 and 82.
82
What is the highest common factor of 1452 and 1188?
132
Calculate the greatest common divisor of 2535 and 5205.
15
What is the highest common divisor of 370 and 11248?
74
What is the greatest common factor of 456131 and 507?
169
Calculate the highest common divisor of 1449 and 374969.
161
Calculate the highest common factor of 260 and 23023.
13
What is the greatest common divisor of 459 and 6777?
27
What is the greatest common divisor of 2756 and 11554?
106
Calculate the greatest common divisor of 125 and 1465775.
25
Calculate the greatest common divisor of 570576 and 144.
48
Calculate the highest common divisor of 11472 and 5988.
12
Calculate the greatest common factor of 498 and 513438.
498
What is the highest common factor of 68 and 2524?
4
Calculate the highest common divisor of 93288 and 3864.
552
Calculate the greatest common divisor of 464 and 166373.
29
Calculate the greatest common factor of 3974500 and 1500.
500
Calculate the highest common factor of 4800 and 1504.
32
What is the highest common factor of 9939118 and 238?
238
What is the highest common divisor of 301 and 23779?
301
What is the greatest common divisor of 172007 and 57?
19
What is the greatest common divisor of 27 and 75177?
9
Calculate the greatest common divisor of 3605 and 69937.
721
Calculate the greatest common divisor of 42 and 460957.
7
What is the highest common factor of 52296 and 48?
24
Calculate the greatest common factor of 7138 and 774.
86
What is the highest common factor of 5516 and 196?
28
Calculate the greatest common factor of 151 and 191619.
151
Calculate the greatest common factor of 107523 and 117.
117
What is the greatest common factor of 84 and 2102373?
21
What is the highest common factor of 441099 and 2448?
153
What is the highest common divisor of 32245 and 605?
5
What is the highest common factor of 144 and 15156?
36
Calculate the greatest common factor of 1008 and 26586.
126
Calculate the greatest common factor of 3009 and 3237.
3
What is the highest common divisor of 63792 and 40?
8
What is the greatest common divisor of 142 and 4597534?
142
Calculate the greatest common factor of 20608 and 12288.
128
What is the greatest common divisor of 66444 and 2548?
196
What is the greatest common divisor of 629 and 406963?
629
What is the greatest common divisor of 417032 and 462?
154
What is the highest common divisor of 3 and 89742?
3
Calculate the highest common factor of 6520 and 48085.
815
Calculate the highest common divisor of 7070 and 255934.
1414
What is the greatest common factor of 737 and 754688?
737
Calculate the greatest common factor of 3542 and 7889.
161
Calculate the highest common factor of 255 and 238605.
15
Calculate the highest common factor of 7 and 15463.
7
What is the greatest common divisor of 426274 and 524?
262
Calculate the highest common factor of 199 and 241586.
199
Calculate the highest common divisor of 964 and 54.
2
Calculate the highest common factor of 84049 and 7.
7
What is the greatest common divisor of 64 and 89168?
16
What is the greatest common factor of 152 and 296628?
76
What is the greatest common divisor of 589893 and 703?
19
What is the highest common divisor of 657644 and 26?
26
What is the greatest common divisor of 1260252 and 42?
42
Calculate the greatest common divisor of 12 and 1030962.
6
What is the greatest common factor of 13500 and 6375?
375
What is the highest common divisor of 275 and 23050?
25
Calculate the highest common factor of 147 and 630336.
147
Calculate the greatest common divisor of 158670 and 342.
18
What is the highest common factor of 12 and 82372?
4
Calculate the highest common factor of 6594 and 126.
42
Calculate the greatest common divisor of 3020605 and 245.
245
What is the greatest common factor of 201 and 109612?
67
Calculate the highest common factor of 46615 and 5.
5
What is the highest common factor of 71720 and 37816?
1304
Calculate the greatest common divisor of 2356 and 30876.
124
Calculate the highest common divisor of 360 and 8676.
36
What is the highest common divisor of 139850 and 625?
25
Calculate the highest common factor of 32660 and 1136.
284
Calculate the greatest common divisor of 57880 and 640.
40
What is the highest common divisor of 4190 and 2230?
10
What is the highest common divisor of 6612 and 211356?
228
Calculate the greatest common divisor of 1373 and 159268.
1373
Calculate the highest common divisor of 270 and 6015.
15
What is the highest common divisor of 3840 and 190?
10
What is the highest common divisor of 2355 and 1095?
15
What is the greatest common factor of 25992 and 72?
72
What is the highest common factor of 1377744 and 192?
48
Calculate the greatest common divisor of 1764 and 46060.
196
What is the greatest common divisor of 138 and 118?
2
Calculate the highest common factor of 37830 and 1014.
78
Calculate the greatest common factor of 62 and 60295.
31
Calculate the greatest common factor of 36937 and 43.
43
What is the highest common divisor of 147 and 120?
3
What is the greatest common factor of 646 and 290776?
38
What is the greatest common divisor of 576 and 29888?
64
What is the greatest common divisor of 66022 and 22?
22
What is the greatest common divisor of 6258 an